{"id":164,"date":"2011-12-05T20:33:47","date_gmt":"2011-12-05T20:33:47","guid":{"rendered":"http:\/\/www.estudiomaja.com\/new\/?page_id=164"},"modified":"2012-02-17T16:33:26","modified_gmt":"2012-02-17T16:33:26","slug":"casas-y-phs","status":"publish","type":"page","link":"http:\/\/www.estudiomaja.com\/?page_id=164","title":{"rendered":"Casas, PHs &#038; Viviendas"},"content":{"rendered":"<a href=\"http:\/\/www.estudiomaja.com\/wp-content\/uploads\/2011\/12\/100_5617.jpg\"><img loading=\"lazy\" decoding=\"async\" class=\"alignright  wp-image-162\" title=\"100_5617\" src=\"http:\/\/www.estudiomaja.com\/wp-content\/uploads\/2011\/12\/100_5617-427x320.jpg\" alt=\"\" width=\"256\" height=\"192\" srcset=\"http:\/\/www.estudiomaja.com\/wp-content\/uploads\/2011\/12\/100_5617-427x320.jpg 427w, http:\/\/www.estudiomaja.com\/wp-content\/uploads\/2011\/12\/100_5617-708x531.jpg 708w, http:\/\/www.estudiomaja.com\/wp-content\/uploads\/2011\/12\/100_5617-350x262.jpg 350w\" sizes=\"auto, (max-width: 256px) 100vw, 256px\"><\/a>\n<p>\u201cEl s\u00e9ptimo d\u00eda la Gran Obra concluy\u00f3. La luz y las sombras, en perfecta sucesi\u00f3n, quedaron encargadas de administrar el orden del tiempo. Entonces los hombres, libres sobre la Tierra, quisieron m\u00e1s. Quisieron abrigo, calidez, intimidad, est\u00e9tica, belleza. Fue el tiempo de las obras hechas por el hombre para s\u00ed mismo. Y los arquitectos fueron los constructores, a partir del octavo d\u00eda\u201d (De Casa Country 2007\/2008)<\/p>\n<p>Tal vez porque nuestra carrera en el mundo de la arquitectura empez\u00f3 al rev\u00e9s, es que hoy, despu\u00e9s de tanto camino recorrido, despu\u00e9s de tantos metros cuadrados pensados, intervenidos, trabajados, nos permitimos disfrutar a pleno con las casas, PH\u2019s, con las viviendas, con los hogares.<\/p>\n<p>Un arquitecto puede hacer muchas cosas, obras, procesos. Pero en su intimidad sabe que no est\u00e1 completo si, en alg\u00fan momento, no se encontr\u00f3 con el gran desaf\u00edo de dise\u00f1ar, pensar, definir una vivienda. El problema de la arquitectura no lo representan las paredes o el techo, sino el espacio que ellas encierran. Como dice el Tao, treinta radios convergen en el eje de la rueda, pero es su vac\u00edo el que la hace \u00fatil. As\u00ed en el vac\u00edo est\u00e1 lo esencial y es la forma, el amor con el que conformamos ese \u201cvac\u00edo\u201d para que el espacio confinado por paredes y techos se transforme en una Vivienda y, finalmente pueda ser \u201cllenado\u201d como un Hogar.<\/p>\n","protected":false},"excerpt":{"rendered":"<p>\u201cEl s\u00e9ptimo d\u00eda la Gran Obra concluy\u00f3. La luz y las sombras, en perfecta sucesi\u00f3n, quedaron encargadas de administrar el orden del tiempo. Entonces los hombres, libres sobre la Tierra, quisieron m\u00e1s. Quisieron abrigo, calidez, intimidad, est\u00e9tica, belleza. Fue el tiempo de las obras hechas por el hombre para s\u00ed mismo. Y los arquitectos fueron [&hellip;]<\/p>\n","protected":false},"author":1,"featured_media":0,"parent":0,"menu_order":0,"comment_status":"closed","ping_status":"closed","template":"","meta":{"footnotes":""},"class_list":["post-164","page","type-page","status-publish","hentry"],"_links":{"self":[{"href":"http:\/\/www.estudiomaja.com\/index.php?rest_route=\/wp\/v2\/pages\/164","targetHints":{"allow":["GET"]}}],"collection":[{"href":"http:\/\/www.estudiomaja.com\/index.php?rest_route=\/wp\/v2\/pages"}],"about":[{"href":"http:\/\/www.estudiomaja.com\/index.php?rest_route=\/wp\/v2\/types\/page"}],"author":[{"embeddable":true,"href":"http:\/\/www.estudiomaja.com\/index.php?rest_route=\/wp\/v2\/users\/1"}],"replies":[{"embeddable":true,"href":"http:\/\/www.estudiomaja.com\/index.php?rest_route=%2Fwp%2Fv2%2Fcomments&post=164"}],"version-history":[{"count":9,"href":"http:\/\/www.estudiomaja.com\/index.php?rest_route=\/wp\/v2\/pages\/164\/revisions"}],"predecessor-version":[{"id":264,"href":"http:\/\/www.estudiomaja.com\/index.php?rest_route=\/wp\/v2\/pages\/164\/revisions\/264"}],"wp:attachment":[{"href":"http:\/\/www.estudiomaja.com\/index.php?rest_route=%2Fwp%2Fv2%2Fmedia&parent=164"}],"curies":[{"name":"wp","href":"https:\/\/api.w.org\/{rel}","templated":true}]}}

<a href="http://www.estudiomaja.com/wp-content/uploads/2011/12/100_5617.jpg"><img loading="lazy" decoding="async" class="alignright  wp-image-162" title="100_5617" src="http://www.estudiomaja.com/wp-content/uploads/2011/12/100_5617-427x320.jpg" alt="" width="256" height="192" srcset="http://www.estudiomaja.com/wp-content/uploads/2011/12/100_5617-427x320.jpg 427w, http://www.estudiomaja.com/wp-content/uploads/2011/12/100_5617-708x531.jpg 708w, http://www.estudiomaja.com/wp-content/uploads/2011/12/100_5617-350x262.jpg 350w" sizes="auto, (max-width: 256px) 100vw, 256px"></a>
<p>“El séptimo día la Gran Obra concluyó. La luz y las sombras, en perfecta sucesión, quedaron encargadas de administrar el orden del tiempo. Entonces los hombres, libres sobre la Tierra, quisieron más. Quisieron abrigo, calidez, intimidad, estética, belleza. Fue el tiempo de las obras hechas por el hombre para sí mismo. Y los arquitectos fueron los constructores, a partir del octavo día” (De Casa Country 2007/2008)</p>
<p>Tal vez porque nuestra carrera en el mundo de la arquitectura empezó al revés, es que hoy, después de tanto camino recorrido, después de tantos metros cuadrados pensados, intervenidos, trabajados, nos permitimos disfrutar a pleno con las casas, PH’s, con las viviendas, con los hogares.</p>
<p>Un arquitecto puede hacer muchas cosas, obras, procesos. Pero en su intimidad sabe que no está completo si, en algún momento, no se encontró con el gran desafío de diseñar, pensar, definir una vivienda. El problema de la arquitectura no lo representan las paredes o el techo, sino el espacio que ellas encierran. Como dice el Tao, treinta radios convergen en el eje de la rueda, pero es su vacío el que la hace útil. Así en el vacío está lo esencial y es la forma, el amor con el que conformamos ese “vacío” para que el espacio confinado por paredes y techos se transforme en una Vivienda y, finalmente pueda ser “llenado” como un Hogar.</p>

<p>“El séptimo día la Gran Obra concluyó. La luz y las sombras, en perfecta sucesión, quedaron encargadas de administrar el orden del tiempo. Entonces los hombres, libres sobre la Tierra, quisieron más. Quisieron abrigo, calidez, intimidad, estética, belleza. Fue el tiempo de las obras hechas por el hombre para sí mismo. Y los arquitectos fueron [&hellip;]</p>
